{"id":5470,"date":"2023-10-18T15:31:20","date_gmt":"2023-10-18T18:31:20","guid":{"rendered":"http:\/\/retalhos.net\/dice\/?page_id=5470"},"modified":"2023-10-20T16:54:20","modified_gmt":"2023-10-20T19:54:20","slug":"comentarios","status":"publish","type":"page","link":"https:\/\/retalhos.net\/dice\/comentarios\/","title":{"rendered":"COMENT\u00c1RIOS"},"content":{"rendered":"<hr \/>\n<div id='Widget_Pages' class='widgets_on_page wop_tiny1  wop_small1  wop_medium1  wop_large1  wop_wide1'>\n\t\t\t<ul><li id=\"cwp-widget-3\" class=\"widget widget_recent_comments comments_widget_plus\"><ul class=\"cwp-ul \"><li class=\"recentcomments cwp-li\"><a class=\"comment-link cwp-comment-link\" href=\"https:\/\/retalhos.net\/dice\/2024\/02\/19\/resposta-a-inventariante\/#comment-24\"><span class=\"comment-avatar cwp-avatar rounded\"><img alt='' src='https:\/\/secure.gravatar.com\/avatar\/be54c1e8349c0b9a1ddd3acd7716e63ae799e3e1d7b68f0aa665fb877d326776?s=55&#038;d=monsterid&#038;r=g' srcset='https:\/\/secure.gravatar.com\/avatar\/be54c1e8349c0b9a1ddd3acd7716e63ae799e3e1d7b68f0aa665fb877d326776?s=110&#038;d=monsterid&#038;r=g 2x' class='avatar avatar-55 photo' height='55' width='55' \/><\/span><\/a><span class=\"cwp-comment-title\"><span class=\"comment-author-link cwp-author-link\">Luis Garrett<\/span> <span class=\"cwp-on-text\">em<\/span> <a class=\"comment-link cwp-comment-link\" href=\"https:\/\/retalhos.net\/dice\/2024\/02\/19\/resposta-a-inventariante\/#comment-24\">Comentando a R\u00e9plica de 22 Jan 2024 da inventariante<\/a><\/span><span class=\"comment-excerpt cwp-comment-excerpt\">N\u00c3O QUER A PER\u00cfCIA NAS SUA CONTAS. \u201c1. A contesta\u00e7\u00e3o da requerida, composta por uma singela folha po&hellip;<\/span><\/li><li class=\"recentcomments cwp-li\"><a class=\"comment-link cwp-comment-link\" href=\"https:\/\/retalhos.net\/dice\/pendente\/#comment-23\"><span class=\"comment-avatar cwp-avatar rounded\"><img alt='' src='https:\/\/secure.gravatar.com\/avatar\/be54c1e8349c0b9a1ddd3acd7716e63ae799e3e1d7b68f0aa665fb877d326776?s=55&#038;d=monsterid&#038;r=g' srcset='https:\/\/secure.gravatar.com\/avatar\/be54c1e8349c0b9a1ddd3acd7716e63ae799e3e1d7b68f0aa665fb877d326776?s=110&#038;d=monsterid&#038;r=g 2x' class='avatar avatar-55 photo' height='55' width='55' \/><\/span><\/a><span class=\"cwp-comment-title\"><span class=\"comment-author-link cwp-author-link\">Luis Garrett<\/span> <span class=\"cwp-on-text\">em<\/span> <a class=\"comment-link cwp-comment-link\" href=\"https:\/\/retalhos.net\/dice\/pendente\/#comment-23\">Pendente<\/a><\/span><span class=\"comment-excerpt cwp-comment-excerpt\">Na \"Manifesta\u00e7\u00e3o com links 30.11023\" v\u00e1rias quest\u00f5es para quesitos<\/span><\/li><li class=\"recentcomments cwp-li\"><a class=\"comment-link cwp-comment-link\" href=\"https:\/\/retalhos.net\/dice\/pendente\/#comment-21\"><span class=\"comment-avatar cwp-avatar rounded\"><img alt='' src='https:\/\/secure.gravatar.com\/avatar\/be54c1e8349c0b9a1ddd3acd7716e63ae799e3e1d7b68f0aa665fb877d326776?s=55&#038;d=monsterid&#038;r=g' srcset='https:\/\/secure.gravatar.com\/avatar\/be54c1e8349c0b9a1ddd3acd7716e63ae799e3e1d7b68f0aa665fb877d326776?s=110&#038;d=monsterid&#038;r=g 2x' class='avatar avatar-55 photo' height='55' width='55' \/><\/span><\/a><span class=\"cwp-comment-title\"><span class=\"comment-author-link cwp-author-link\">Luis Garrett<\/span> <span class=\"cwp-on-text\">em<\/span> <a class=\"comment-link cwp-comment-link\" href=\"https:\/\/retalhos.net\/dice\/pendente\/#comment-21\">Pendente<\/a><\/span><span class=\"comment-excerpt cwp-comment-excerpt\">T\u00f3pico para Quesitos Declara\u00e7\u00e3o IR Rendimentos Tribut\u00e1veis R$ 84.468,46<\/span><\/li><li class=\"recentcomments cwp-li\"><a class=\"comment-link cwp-comment-link\" href=\"https:\/\/retalhos.net\/dice\/repasses-r-amelia-leuchtemberg-89\/#comment-20\"><span class=\"comment-avatar cwp-avatar rounded\"><img alt='' src='https:\/\/secure.gravatar.com\/avatar\/be54c1e8349c0b9a1ddd3acd7716e63ae799e3e1d7b68f0aa665fb877d326776?s=55&#038;d=monsterid&#038;r=g' srcset='https:\/\/secure.gravatar.com\/avatar\/be54c1e8349c0b9a1ddd3acd7716e63ae799e3e1d7b68f0aa665fb877d326776?s=110&#038;d=monsterid&#038;r=g 2x' class='avatar avatar-55 photo' height='55' width='55' \/><\/span><\/a><span class=\"cwp-comment-title\"><span class=\"comment-author-link cwp-author-link\">Luis Garrett<\/span> <span class=\"cwp-on-text\">em<\/span> <a class=\"comment-link cwp-comment-link\" href=\"https:\/\/retalhos.net\/dice\/repasses-r-amelia-leuchtemberg-89\/#comment-20\">Repasses R Amelia Leuchtemberg 89<\/a><\/span><span class=\"comment-excerpt cwp-comment-excerpt\">Nunca prestaram contas aos esp\u00f3lios de Jo\u00e3o 1998 e de A Rosa desde 2004. Faziam os acertos \"entre as&hellip;<\/span><\/li><li class=\"recentcomments cwp-li\"><a class=\"comment-link cwp-comment-link\" href=\"https:\/\/retalhos.net\/dice\/peticoes-inventariante\/#comment-18\"><span class=\"comment-avatar cwp-avatar rounded\"><img alt='' src='https:\/\/secure.gravatar.com\/avatar\/be54c1e8349c0b9a1ddd3acd7716e63ae799e3e1d7b68f0aa665fb877d326776?s=55&#038;d=monsterid&#038;r=g' srcset='https:\/\/secure.gravatar.com\/avatar\/be54c1e8349c0b9a1ddd3acd7716e63ae799e3e1d7b68f0aa665fb877d326776?s=110&#038;d=monsterid&#038;r=g 2x' class='avatar avatar-55 photo' height='55' width='55' \/><\/span><\/a><span class=\"cwp-comment-title\"><span class=\"comment-author-link cwp-author-link\">Luis Garrett<\/span> <span class=\"cwp-on-text\">em<\/span> <a class=\"comment-link cwp-comment-link\" href=\"https:\/\/retalhos.net\/dice\/peticoes-inventariante\/#comment-18\">Peti\u00e7\u00f5es Inventariante<\/a><\/span><span class=\"comment-excerpt cwp-comment-excerpt\">2023.10.30 Petic\u00e3o P Contas Eletronico Aten\u00e7\u00e3o aos itens 3.,4. e 5 do despacho do Juiz Fernando em 2&hellip;<\/span><\/li><li class=\"recentcomments cwp-li\"><a class=\"comment-link cwp-comment-link\" href=\"https:\/\/retalhos.net\/dice\/alvara-itau\/#comment-17\"><span class=\"comment-avatar cwp-avatar rounded\"><img alt='' src='https:\/\/secure.gravatar.com\/avatar\/be54c1e8349c0b9a1ddd3acd7716e63ae799e3e1d7b68f0aa665fb877d326776?s=55&#038;d=monsterid&#038;r=g' srcset='https:\/\/secure.gravatar.com\/avatar\/be54c1e8349c0b9a1ddd3acd7716e63ae799e3e1d7b68f0aa665fb877d326776?s=110&#038;d=monsterid&#038;r=g 2x' class='avatar avatar-55 photo' height='55' width='55' \/><\/span><\/a><span class=\"cwp-comment-title\"><span class=\"comment-author-link cwp-author-link\">Luis Garrett<\/span> <span class=\"cwp-on-text\">em<\/span> <a class=\"comment-link cwp-comment-link\" href=\"https:\/\/retalhos.net\/dice\/alvara-itau\/#comment-17\">ALVAR\u00c1 BCO ITA\u00da<\/a><\/span><span class=\"comment-excerpt cwp-comment-excerpt\">Ainda em Fevereiro a inventariante concordou com Maria Luiza, mesmo sem ser intimada e se antecipou&hellip;<\/span><\/li><li class=\"recentcomments cwp-li\"><a class=\"comment-link cwp-comment-link\" href=\"https:\/\/retalhos.net\/dice\/sumula-1\/#comment-16\"><span class=\"comment-avatar cwp-avatar rounded\"><img alt='' src='https:\/\/secure.gravatar.com\/avatar\/be54c1e8349c0b9a1ddd3acd7716e63ae799e3e1d7b68f0aa665fb877d326776?s=55&#038;d=monsterid&#038;r=g' srcset='https:\/\/secure.gravatar.com\/avatar\/be54c1e8349c0b9a1ddd3acd7716e63ae799e3e1d7b68f0aa665fb877d326776?s=110&#038;d=monsterid&#038;r=g 2x' class='avatar avatar-55 photo' height='55' width='55' \/><\/span><\/a><span class=\"cwp-comment-title\"><span class=\"comment-author-link cwp-author-link\">Luis Garrett<\/span> <span class=\"cwp-on-text\">em<\/span> <a class=\"comment-link cwp-comment-link\" href=\"https:\/\/retalhos.net\/dice\/sumula-1\/#comment-16\">S\u00famula (1)<\/a><\/span><span class=\"comment-excerpt cwp-comment-excerpt\">PRINCIPAIS \u00cdTENS Procuradora e Inventariante Testamento &amp; Cl\u00e1usulasCodifica\u00e7\u00e3o dos Im\u00f3veis Rua S&hellip;<\/span><\/li><li class=\"recentcomments cwp-li\"><a class=\"comment-link cwp-comment-link\" href=\"https:\/\/retalhos.net\/dice\/2020\/01\/02\/quesitos\/#comment-15\"><span class=\"comment-avatar cwp-avatar rounded\"><img alt='' src='https:\/\/secure.gravatar.com\/avatar\/be54c1e8349c0b9a1ddd3acd7716e63ae799e3e1d7b68f0aa665fb877d326776?s=55&#038;d=monsterid&#038;r=g' srcset='https:\/\/secure.gravatar.com\/avatar\/be54c1e8349c0b9a1ddd3acd7716e63ae799e3e1d7b68f0aa665fb877d326776?s=110&#038;d=monsterid&#038;r=g 2x' class='avatar avatar-55 photo' height='55' width='55' \/><\/span><\/a><span class=\"cwp-comment-title\"><span class=\"comment-author-link cwp-author-link\">Luis Garrett<\/span> <span class=\"cwp-on-text\">em<\/span> <a class=\"comment-link cwp-comment-link\" href=\"https:\/\/retalhos.net\/dice\/2020\/01\/02\/quesitos\/#comment-15\">\u2192 Quesitos<\/a><\/span><span class=\"comment-excerpt cwp-comment-excerpt\">Perito Assistente: Alguns Quesitos propostos<\/span><\/li><li class=\"recentcomments cwp-li\"><a class=\"comment-link cwp-comment-link\" href=\"https:\/\/retalhos.net\/dice\/2020\/01\/18\/casy-study-4\/#comment-14\"><span class=\"comment-avatar cwp-avatar rounded\"><img alt='' src='https:\/\/secure.gravatar.com\/avatar\/be54c1e8349c0b9a1ddd3acd7716e63ae799e3e1d7b68f0aa665fb877d326776?s=55&#038;d=monsterid&#038;r=g' srcset='https:\/\/secure.gravatar.com\/avatar\/be54c1e8349c0b9a1ddd3acd7716e63ae799e3e1d7b68f0aa665fb877d326776?s=110&#038;d=monsterid&#038;r=g 2x' class='avatar avatar-55 photo' height='55' width='55' \/><\/span><\/a><span class=\"cwp-comment-title\"><span class=\"comment-author-link cwp-author-link\">Luis Garrett<\/span> <span class=\"cwp-on-text\">em<\/span> <a class=\"comment-link cwp-comment-link\" href=\"https:\/\/retalhos.net\/dice\/2020\/01\/18\/casy-study-4\/#comment-14\">\u2192 Caso 4 &#8211; Gemeos diferentes mesmo pai<\/a><\/span><span class=\"comment-excerpt cwp-comment-excerpt\">Se isso n\u00e3o \u00e9 fraude. qual nome dar a isso ? Trata-se de um s\u00f3 contrato que foi inserido nos autos d&hellip;<\/span><\/li><li class=\"recentcomments cwp-li\"><a class=\"comment-link cwp-comment-link\" href=\"https:\/\/retalhos.net\/dice\/2020\/01\/20\/cade-o-dinheiro\/#comment-11\"><span class=\"comment-avatar cwp-avatar rounded\"><img alt='' src='https:\/\/secure.gravatar.com\/avatar\/be54c1e8349c0b9a1ddd3acd7716e63ae799e3e1d7b68f0aa665fb877d326776?s=55&#038;d=monsterid&#038;r=g' srcset='https:\/\/secure.gravatar.com\/avatar\/be54c1e8349c0b9a1ddd3acd7716e63ae799e3e1d7b68f0aa665fb877d326776?s=110&#038;d=monsterid&#038;r=g 2x' class='avatar avatar-55 photo' height='55' width='55' \/><\/span><\/a><span class=\"cwp-comment-title\"><span class=\"comment-author-link cwp-author-link\">Luis Garrett<\/span> <span class=\"cwp-on-text\">em<\/span> <a class=\"comment-link cwp-comment-link\" href=\"https:\/\/retalhos.net\/dice\/2020\/01\/20\/cade-o-dinheiro\/#comment-11\">\u2192 Caso 6 &#8211; Cad\u00ea o dinheiro ?<\/a><\/span><span class=\"comment-excerpt cwp-comment-excerpt\">Aten\u00e7\u00e3o Perito Assistente !<\/span><\/li><li class=\"recentcomments cwp-li\"><a class=\"comment-link cwp-comment-link\" href=\"https:\/\/retalhos.net\/dice\/2022\/10\/07\/acordao-stj\/#comment-10\"><span class=\"comment-avatar cwp-avatar rounded\"><img alt='' src='https:\/\/secure.gravatar.com\/avatar\/be54c1e8349c0b9a1ddd3acd7716e63ae799e3e1d7b68f0aa665fb877d326776?s=55&#038;d=monsterid&#038;r=g' srcset='https:\/\/secure.gravatar.com\/avatar\/be54c1e8349c0b9a1ddd3acd7716e63ae799e3e1d7b68f0aa665fb877d326776?s=110&#038;d=monsterid&#038;r=g 2x' class='avatar avatar-55 photo' height='55' width='55' \/><\/span><\/a><span class=\"cwp-comment-title\"><span class=\"comment-author-link cwp-author-link\">Luis Garrett<\/span> <span class=\"cwp-on-text\">em<\/span> <a class=\"comment-link cwp-comment-link\" href=\"https:\/\/retalhos.net\/dice\/2022\/10\/07\/acordao-stj\/#comment-10\">\u2192 STJ 2020 &#8211; Presta\u00e7\u00e3o de Contas<\/a><\/span><span class=\"comment-excerpt cwp-comment-excerpt\">Esse Acord\u00e3o do Tribunal Superior de Justi\u00e7a vai complicar a vida da inventariante e seus descendent&hellip;<\/span><\/li><li class=\"recentcomments cwp-li\"><a class=\"comment-link cwp-comment-link\" href=\"https:\/\/retalhos.net\/dice\/2020\/02\/05\/alvara-r-cunha-moreira\/#comment-9\"><span class=\"comment-avatar cwp-avatar rounded\"><img alt='' src='https:\/\/secure.gravatar.com\/avatar\/be54c1e8349c0b9a1ddd3acd7716e63ae799e3e1d7b68f0aa665fb877d326776?s=55&#038;d=monsterid&#038;r=g' srcset='https:\/\/secure.gravatar.com\/avatar\/be54c1e8349c0b9a1ddd3acd7716e63ae799e3e1d7b68f0aa665fb877d326776?s=110&#038;d=monsterid&#038;r=g 2x' class='avatar avatar-55 photo' height='55' width='55' \/><\/span><\/a><span class=\"cwp-comment-title\"><span class=\"comment-author-link cwp-author-link\">Luis Garrett<\/span> <span class=\"cwp-on-text\">em<\/span> <a class=\"comment-link cwp-comment-link\" href=\"https:\/\/retalhos.net\/dice\/2020\/02\/05\/alvara-r-cunha-moreira\/#comment-9\">\u2192 A Trama da R Cunha Moreira 18<\/a><\/span><span class=\"comment-excerpt cwp-comment-excerpt\">Esse epis\u00f3dio merece a devida aten\u00e7\u00e3o dos advogados. A \"inventaiante\" ignorou a decis\u00e3o do Acord\u00e3o e&hellip;<\/span><\/li><li class=\"recentcomments cwp-li\"><a class=\"comment-link cwp-comment-link\" href=\"https:\/\/retalhos.net\/dice\/jazigo-perpetuo\/#comment-7\"><span class=\"comment-avatar cwp-avatar rounded\"><img alt='' src='https:\/\/secure.gravatar.com\/avatar\/be54c1e8349c0b9a1ddd3acd7716e63ae799e3e1d7b68f0aa665fb877d326776?s=55&#038;d=monsterid&#038;r=g' srcset='https:\/\/secure.gravatar.com\/avatar\/be54c1e8349c0b9a1ddd3acd7716e63ae799e3e1d7b68f0aa665fb877d326776?s=110&#038;d=monsterid&#038;r=g 2x' class='avatar avatar-55 photo' height='55' width='55' \/><\/span><\/a><span class=\"cwp-comment-title\"><span class=\"comment-author-link cwp-author-link\">Luis Garrett<\/span> <span class=\"cwp-on-text\">em<\/span> <a class=\"comment-link cwp-comment-link\" href=\"https:\/\/retalhos.net\/dice\/jazigo-perpetuo\/#comment-7\">Jazigo Perp\u00e9tuo<\/a><\/span><span class=\"comment-excerpt cwp-comment-excerpt\">Juiza Thatyana indeferiu a expedi\u00e7\u00e3o de alvar\u00e1 para aliena\u00e7\u00e3o do Jazigo posto que n\u00e3o houve perpetua&hellip;<\/span><\/li><li class=\"recentcomments cwp-li\"><a class=\"comment-link cwp-comment-link\" href=\"https:\/\/retalhos.net\/dice\/2023\/02\/05\/os-fatos-informacoes\/#comment-6\"><span class=\"comment-avatar cwp-avatar rounded\"><img alt='' src='https:\/\/secure.gravatar.com\/avatar\/be54c1e8349c0b9a1ddd3acd7716e63ae799e3e1d7b68f0aa665fb877d326776?s=55&#038;d=monsterid&#038;r=g' srcset='https:\/\/secure.gravatar.com\/avatar\/be54c1e8349c0b9a1ddd3acd7716e63ae799e3e1d7b68f0aa665fb877d326776?s=110&#038;d=monsterid&#038;r=g 2x' class='avatar avatar-55 photo' height='55' width='55' \/><\/span><\/a><span class=\"cwp-comment-title\"><span class=\"comment-author-link cwp-author-link\">Luis Garrett<\/span> <span class=\"cwp-on-text\">em<\/span> <a class=\"comment-link cwp-comment-link\" href=\"https:\/\/retalhos.net\/dice\/2023\/02\/05\/os-fatos-informacoes\/#comment-6\">\u2192 OS FATOS | informa\u00e7\u00f5es |<\/a><\/span><span class=\"comment-excerpt cwp-comment-excerpt\">Toda a hist\u00f3ria est\u00e1 contada aqui nesta apresenta\u00e7\u00e3o<\/span><\/li><li class=\"recentcomments cwp-li\"><a class=\"comment-link cwp-comment-link\" href=\"https:\/\/retalhos.net\/dice\/codificacao-da-inventariante\/#comment-5\"><span class=\"comment-avatar cwp-avatar rounded\"><img alt='' src='https:\/\/secure.gravatar.com\/avatar\/be54c1e8349c0b9a1ddd3acd7716e63ae799e3e1d7b68f0aa665fb877d326776?s=55&#038;d=monsterid&#038;r=g' srcset='https:\/\/secure.gravatar.com\/avatar\/be54c1e8349c0b9a1ddd3acd7716e63ae799e3e1d7b68f0aa665fb877d326776?s=110&#038;d=monsterid&#038;r=g 2x' class='avatar avatar-55 photo' height='55' width='55' \/><\/span><\/a><span class=\"cwp-comment-title\"><span class=\"comment-author-link cwp-author-link\">Luis Garrett<\/span> <span class=\"cwp-on-text\">em<\/span> <a class=\"comment-link cwp-comment-link\" href=\"https:\/\/retalhos.net\/dice\/codificacao-da-inventariante\/#comment-5\">CODIFICA\u00c7\u00c3O DA INVENTARIANTE<\/a><\/span><span class=\"comment-excerpt cwp-comment-excerpt\">Observe que a codifica\u00e7\u00e3o na \u00faltima planilha de presta\u00e7\u00e3o de contas da administradora Genon \u00e9 a mesm&hellip;<\/span><\/li><li class=\"recentcomments cwp-li\"><a class=\"comment-link cwp-comment-link\" href=\"https:\/\/retalhos.net\/dice\/codificacao-da-inventariante\/#comment-2\"><span class=\"comment-avatar cwp-avatar rounded\"><img alt='' src='https:\/\/secure.gravatar.com\/avatar\/c1e661d3059d70317f9373a9c0a507ead330374cd21a7b3726b8ad43127806a3?s=55&#038;d=monsterid&#038;r=g' srcset='https:\/\/secure.gravatar.com\/avatar\/c1e661d3059d70317f9373a9c0a507ead330374cd21a7b3726b8ad43127806a3?s=110&#038;d=monsterid&#038;r=g 2x' class='avatar avatar-55 photo' height='55' width='55' \/><\/span><\/a><span class=\"cwp-comment-title\"><span class=\"comment-author-link cwp-author-link\">Maria Luiza<\/span> <span class=\"cwp-on-text\">em<\/span> <a class=\"comment-link cwp-comment-link\" href=\"https:\/\/retalhos.net\/dice\/codificacao-da-inventariante\/#comment-2\">CODIFICA\u00c7\u00c3O DA INVENTARIANTE<\/a><\/span><span class=\"comment-excerpt cwp-comment-excerpt\">O modus operandi foi um s\u00f3, nevio.<\/span><\/li><li class=\"recentcomments cwp-li\"><a class=\"comment-link cwp-comment-link\" href=\"https:\/\/retalhos.net\/dice\/codificacao-da-inventariante\/#comment-1\"><span class=\"comment-avatar cwp-avatar rounded\"><img alt='' src='https:\/\/secure.gravatar.com\/avatar\/be54c1e8349c0b9a1ddd3acd7716e63ae799e3e1d7b68f0aa665fb877d326776?s=55&#038;d=monsterid&#038;r=g' srcset='https:\/\/secure.gravatar.com\/avatar\/be54c1e8349c0b9a1ddd3acd7716e63ae799e3e1d7b68f0aa665fb877d326776?s=110&#038;d=monsterid&#038;r=g 2x' class='avatar avatar-55 photo' height='55' width='55' \/><\/span><\/a><span class=\"cwp-comment-title\"><span class=\"comment-author-link cwp-author-link\">Luis Garrett<\/span> <span class=\"cwp-on-text\">em<\/span> <a class=\"comment-link cwp-comment-link\" href=\"https:\/\/retalhos.net\/dice\/codificacao-da-inventariante\/#comment-1\">CODIFICA\u00c7\u00c3O DA INVENTARIANTE<\/a><\/span><span class=\"comment-excerpt cwp-comment-excerpt\">Entendendo a Codifica\u00e7\u00e3o dos Im\u00f3veis Fundamental saber como e quando a inventariante criou a codific&hellip;<\/span><\/li><\/ul><!-- Generated by https:\/\/wordpress.org\/plugins\/comments-widget-plus\/ --><\/li><\/ul><\/div><!-- widgets_on_page -->\n","protected":false},"excerpt":{"rendered":"","protected":false},"author":1,"featured_media":0,"parent":0,"menu_order":0,"comment_status":"closed","ping_status":"closed","template":"","meta":{"footnotes":""},"categories":[],"tags":[],"class_list":["post-5470","page","type-page","status-publish","hentry"],"_links":{"self":[{"href":"https:\/\/retalhos.net\/dice\/wp-json\/wp\/v2\/pages\/5470","targetHints":{"allow":["GET"]}}],"collection":[{"href":"https:\/\/retalhos.net\/dice\/wp-json\/wp\/v2\/pages"}],"about":[{"href":"https:\/\/retalhos.net\/dice\/wp-json\/wp\/v2\/types\/page"}],"author":[{"embeddable":true,"href":"https:\/\/retalhos.net\/dice\/wp-json\/wp\/v2\/users\/1"}],"replies":[{"embeddable":true,"href":"https:\/\/retalhos.net\/dice\/wp-json\/wp\/v2\/comments?post=5470"}],"version-history":[{"count":8,"href":"https:\/\/retalhos.net\/dice\/wp-json\/wp\/v2\/pages\/5470\/revisions"}],"predecessor-version":[{"id":5585,"href":"https:\/\/retalhos.net\/dice\/wp-json\/wp\/v2\/pages\/5470\/revisions\/5585"}],"wp:attachment":[{"href":"https:\/\/retalhos.net\/dice\/wp-json\/wp\/v2\/media?parent=5470"}],"wp:term":[{"taxonomy":"category","embeddable":true,"href":"https:\/\/retalhos.net\/dice\/wp-json\/wp\/v2\/categories?post=5470"},{"taxonomy":"post_tag","embeddable":true,"href":"https:\/\/retalhos.net\/dice\/wp-json\/wp\/v2\/tags?post=5470"}],"curies":[{"name":"wp","href":"https:\/\/api.w.org\/{rel}","templated":true}]}}