{"id":5734,"date":"2023-10-25T08:49:11","date_gmt":"2023-10-25T11:49:11","guid":{"rendered":"http:\/\/retalhos.net\/dice\/?page_id=5734"},"modified":"2023-10-25T09:54:50","modified_gmt":"2023-10-25T12:54:50","slug":"peticoes-decisoes-despachos","status":"publish","type":"page","link":"https:\/\/retalhos.net\/dice\/peticoes-decisoes-despachos\/","title":{"rendered":"Peti\u00e7\u00f5es, Decis\u00f5es, Despachos"},"content":{"rendered":"<hr \/>\n<h5 style=\"text-align: center;\">2023.10.23 Prest Contas Eletronico Despacho<\/h5>\n\n\t\t<div id=\"wppdfemb-frame-container-5735\" style=\"-webkit-overflow-scrolling:auto;\">\n\t\t\t<iframe src=\"https:\/\/retalhos.net\/dice\/?url=http:\/\/retalhos.net\/dice\/wp-content\/uploads\/2023\/10\/2023.10.23-Prest-Contas-Eletronico-Despacho.pdf&#038;title=2023.10.23%20Prest%20Contas%20Eletronico%20Despacho&#038;index=1&#038;pdfID=5735\"\n\t\t\t\tid=\"wppdf-emb-iframe-5735\"\n\t\t\t\tdata-pdf-index=\"1\"\n\t\t\t\tclass=\"pdfembed-iframe nonfullscreen\"\n\t\t\t\tstyle=\"border:none;width:100%;max-width:100%;min-height:1000px\"\n\t\t\t\tscrolling=\"yes\">\n\t\t\t<\/iframe>\n\t\t<\/div>\n\n\t\t\n<hr \/>\n<h5 style=\"text-align: center;\">2023.08.09 Pet M Luiza P Contas Digital<\/h5>\n<p class=\"igd-embed-name\">\n\t\t<div id=\"wppdfemb-frame-container-4690\" style=\"-webkit-overflow-scrolling:auto;\">\n\t\t\t<iframe src=\"https:\/\/retalhos.net\/dice\/?url=http:\/\/retalhos.net\/dice\/wp-content\/uploads\/2023\/10\/2023.08.09-Pet-M-Luiza-P-Contas-Digital.pdf&#038;title=2023.08.09%20Pet%20M%20Luiza%20P%20Contas%20Digital&#038;index=2&#038;pdfID=4690\"\n\t\t\t\tid=\"wppdf-emb-iframe-4690\"\n\t\t\t\tdata-pdf-index=\"2\"\n\t\t\t\tclass=\"pdfembed-iframe nonfullscreen\"\n\t\t\t\tstyle=\"border:none;width:100%;max-width:100%;min-height:1000px\"\n\t\t\t\tscrolling=\"yes\">\n\t\t\t<\/iframe>\n\t\t<\/div>\n\n\t\t<\/p>\n<hr \/>\n<h5 class=\"igd-embed-name\" style=\"text-align: center;\">2023.08.01 Pet Nilde P Contas Digital<\/h5>\n\n\t\t<div id=\"wppdfemb-frame-container-4689\" style=\"-webkit-overflow-scrolling:auto;\">\n\t\t\t<iframe src=\"https:\/\/retalhos.net\/dice\/?url=http:\/\/retalhos.net\/dice\/wp-content\/uploads\/2023\/10\/2023.08.01-Pet-Nilde-P-Contas-Digital.pdf&#038;title=2023.08.01%20Pet%20Nilde%20P%20Contas%20Digital&#038;index=3&#038;pdfID=4689\"\n\t\t\t\tid=\"wppdf-emb-iframe-4689\"\n\t\t\t\tdata-pdf-index=\"3\"\n\t\t\t\tclass=\"pdfembed-iframe nonfullscreen\"\n\t\t\t\tstyle=\"border:none;width:100%;max-width:100%;min-height:1000px\"\n\t\t\t\tscrolling=\"yes\">\n\t\t\t<\/iframe>\n\t\t<\/div>\n\n\t\t\n<hr \/>\n<h5 class=\"igd-embed-name\" style=\"text-align: center;\">2023.07.28 Pet M Luiza Invent Just. Ped Bloqueio<\/h5>\n\n\t\t<div id=\"wppdfemb-frame-container-4688\" style=\"-webkit-overflow-scrolling:auto;\">\n\t\t\t<iframe src=\"https:\/\/retalhos.net\/dice\/?url=http:\/\/retalhos.net\/dice\/wp-content\/uploads\/2023\/10\/2023.07.28-Pet-M-Luiza-Invent-Just.-Ped-Bloqueio.pdf&#038;title=2023.07.28%20Pet%20M%20Luiza%20Invent%20Just.%20Ped%20Bloqueio&#038;index=4&#038;pdfID=4688\"\n\t\t\t\tid=\"wppdf-emb-iframe-4688\"\n\t\t\t\tdata-pdf-index=\"4\"\n\t\t\t\tclass=\"pdfembed-iframe nonfullscreen\"\n\t\t\t\tstyle=\"border:none;width:100%;max-width:100%;min-height:1000px\"\n\t\t\t\tscrolling=\"yes\">\n\t\t\t<\/iframe>\n\t\t<\/div>\n\n\t\t\n<hr \/>\n<h5 class=\"igd-embed-name\" style=\"text-align: center;\">2023.07.27 Desp Juiz Nelson P Contas Digital<\/h5>\n\n\t\t<div id=\"wppdfemb-frame-container-4687\" style=\"-webkit-overflow-scrolling:auto;\">\n\t\t\t<iframe src=\"https:\/\/retalhos.net\/dice\/?url=http:\/\/retalhos.net\/dice\/wp-content\/uploads\/2023\/10\/2023.07.27-Desp-Juiz-Nelson-P-Contas-Digital.pdf&#038;title=2023.07.27%20Desp%20Juiz%20Nelson%20P%20Contas%20Digital&#038;index=5&#038;pdfID=4687\"\n\t\t\t\tid=\"wppdf-emb-iframe-4687\"\n\t\t\t\tdata-pdf-index=\"5\"\n\t\t\t\tclass=\"pdfembed-iframe nonfullscreen\"\n\t\t\t\tstyle=\"border:none;width:100%;max-width:100%;min-height:1000px\"\n\t\t\t\tscrolling=\"yes\">\n\t\t\t<\/iframe>\n\t\t<\/div>\n\n\t\t\n<hr \/>\n<h5 class=\"igd-embed-name\" style=\"text-align: center;\">2023.07.19 Decis\u00e3o Juiz Nelson Invent\u00e1rio.pdf<\/h5>\n\n\t\t<div id=\"wppdfemb-frame-container-4686\" style=\"-webkit-overflow-scrolling:auto;\">\n\t\t\t<iframe src=\"https:\/\/retalhos.net\/dice\/?url=http:\/\/retalhos.net\/dice\/wp-content\/uploads\/2023\/10\/2023.07.19-Decisao-Juiz-Nelson-Inventario.pdf&#038;title=2023.07.19%20Decis\u00e3o%20Juiz%20Nelson%20Invent\u00e1rio&#038;index=6&#038;pdfID=4686\"\n\t\t\t\tid=\"wppdf-emb-iframe-4686\"\n\t\t\t\tdata-pdf-index=\"6\"\n\t\t\t\tclass=\"pdfembed-iframe nonfullscreen\"\n\t\t\t\tstyle=\"border:none;width:100%;max-width:100%;min-height:1000px\"\n\t\t\t\tscrolling=\"yes\">\n\t\t\t<\/iframe>\n\t\t<\/div>\n\n\t\t\n<hr \/>\n<h5 class=\"igd-embed-name\" style=\"text-align: center;\">2023.03.01 Pet M Luiza P Contas Fisico<\/h5>\n\n\t\t<div id=\"wppdfemb-frame-container-4685\" style=\"-webkit-overflow-scrolling:auto;\">\n\t\t\t<iframe src=\"https:\/\/retalhos.net\/dice\/?url=http:\/\/retalhos.net\/dice\/wp-content\/uploads\/2023\/10\/2023.03.01-Pet-M-Luiza-P-Contas-Fisico.pdf&#038;title=2023.03.01%20Pet%20M%20Luiza%20P%20Contas%20Fisico&#038;index=7&#038;pdfID=4685\"\n\t\t\t\tid=\"wppdf-emb-iframe-4685\"\n\t\t\t\tdata-pdf-index=\"7\"\n\t\t\t\tclass=\"pdfembed-iframe nonfullscreen\"\n\t\t\t\tstyle=\"border:none;width:100%;max-width:100%;min-height:1000px\"\n\t\t\t\tscrolling=\"yes\">\n\t\t\t<\/iframe>\n\t\t<\/div>\n\n\t\t\n<hr \/>\n<h5 class=\"igd-embed-name\" style=\"text-align: center;\">2023.02.28 Pet Nilde Fls 1602-1604 refer. bloq M Luiza<\/h5>\n\n\t\t<div id=\"wppdfemb-frame-container-0\" style=\"-webkit-overflow-scrolling:auto;\">\n\t\t\t<iframe src=\"https:\/\/retalhos.net\/dice\/?url=http:\/\/retalhos.net\/dice\/wp-content\/uploads\/2023\/10\/2023.02.28-Pet-Nilde-Fls-1602-1604-refer.-bloq-M-Luiza-.pdf&#038;title=2023.02.28%20Pet%20Nilde%20Fls%201602-1604%20refer.%20bloq%20M%20Luiza&#038;index=8&#038;pdfID=0\"\n\t\t\t\tid=\"wppdf-emb-iframe-0\"\n\t\t\t\tdata-pdf-index=\"8\"\n\t\t\t\tclass=\"pdfembed-iframe nonfullscreen\"\n\t\t\t\tstyle=\"border:none;width:100%;max-width:100%;min-height:1000px\"\n\t\t\t\tscrolling=\"yes\">\n\t\t\t<\/iframe>\n\t\t<\/div>\n\n\t\t\n<hr \/>\n<h5 class=\"igd-embed-name\" style=\"text-align: center;\">2023.02.09 Pet M Luiza Invent Lib $ Bloqueio<\/h5>\n\n\t\t<div id=\"wppdfemb-frame-container-4683\" style=\"-webkit-overflow-scrolling:auto;\">\n\t\t\t<iframe src=\"https:\/\/retalhos.net\/dice\/?url=http:\/\/retalhos.net\/dice\/wp-content\/uploads\/2023\/10\/2023.02.09-Pet-M-Luiza-Invent-Lib-Bloqueio.pdf&#038;title=2023.02.09%20Pet%20M%20Luiza%20Invent%20Lib%20$%20Bloqueio&#038;index=9&#038;pdfID=4683\"\n\t\t\t\tid=\"wppdf-emb-iframe-4683\"\n\t\t\t\tdata-pdf-index=\"9\"\n\t\t\t\tclass=\"pdfembed-iframe nonfullscreen\"\n\t\t\t\tstyle=\"border:none;width:100%;max-width:100%;min-height:1000px\"\n\t\t\t\tscrolling=\"yes\">\n\t\t\t<\/iframe>\n\t\t<\/div>\n\n\t\t\n<hr \/>\n<h5 class=\"igd-embed-name\" style=\"text-align: center;\">2022.10.21 Decisao Juiza Andrea Homol.Partilha.pdf<\/h5>\n\n\t\t<div id=\"wppdfemb-frame-container-4682\" style=\"-webkit-overflow-scrolling:auto;\">\n\t\t\t<iframe src=\"https:\/\/retalhos.net\/dice\/?url=http:\/\/retalhos.net\/dice\/wp-content\/uploads\/2023\/10\/2022.10.21-Decisao-Juiza-Andrea-Homol.Partilha.pdf&#038;title=2022.10.21%20Decisao%20Juiza%20Andrea%20Homol.Partilha&#038;index=10&#038;pdfID=4682\"\n\t\t\t\tid=\"wppdf-emb-iframe-4682\"\n\t\t\t\tdata-pdf-index=\"10\"\n\t\t\t\tclass=\"pdfembed-iframe nonfullscreen\"\n\t\t\t\tstyle=\"border:none;width:100%;max-width:100%;min-height:1000px\"\n\t\t\t\tscrolling=\"yes\">\n\t\t\t<\/iframe>\n\t\t<\/div>\n\n\t\t\n<hr \/>\n<h5 class=\"igd-embed-name\" style=\"text-align: center;\">2018.05.23 Pet Nilde Plano Partilha<\/h5>\n\n\t\t<div id=\"wppdfemb-frame-container-4681\" style=\"-webkit-overflow-scrolling:auto;\">\n\t\t\t<iframe src=\"https:\/\/retalhos.net\/dice\/?url=http:\/\/retalhos.net\/dice\/wp-content\/uploads\/2023\/10\/2018.05.23-Pet-Nilde-Plano-Partilha.pdf&#038;title=2018.05.23%20Pet%20Nilde%20Plano%20Partilha&#038;index=11&#038;pdfID=4681\"\n\t\t\t\tid=\"wppdf-emb-iframe-4681\"\n\t\t\t\tdata-pdf-index=\"11\"\n\t\t\t\tclass=\"pdfembed-iframe nonfullscreen\"\n\t\t\t\tstyle=\"border:none;width:100%;max-width:100%;min-height:1000px\"\n\t\t\t\tscrolling=\"yes\">\n\t\t\t<\/iframe>\n\t\t<\/div>\n\n\t\t\n<p>&nbsp;<\/p>\n","protected":false},"excerpt":{"rendered":"<p>2023.10.23 Prest Contas Eletronico Despacho 2023.08.09 Pet M Luiza P Contas Digital 2023.08.01 Pet Nilde P Contas Digital 2023.07.28 Pet M Luiza Invent Just. Ped Bloqueio 2023.07.27 Desp Juiz Nelson &#8230;<\/p>\n","protected":false},"author":1,"featured_media":0,"parent":0,"menu_order":0,"comment_status":"closed","ping_status":"closed","template":"","meta":{"footnotes":""},"categories":[319,220,329,335,372],"tags":[],"class_list":["post-5734","page","type-page","status-publish","hentry","category-decisoes-despachos","category-eventos-2","category-homologacao","category-peticoes-inventariante","category-peticoes-maria-luiza"],"_links":{"self":[{"href":"https:\/\/retalhos.net\/dice\/wp-json\/wp\/v2\/pages\/5734","targetHints":{"allow":["GET"]}}],"collection":[{"href":"https:\/\/retalhos.net\/dice\/wp-json\/wp\/v2\/pages"}],"about":[{"href":"https:\/\/retalhos.net\/dice\/wp-json\/wp\/v2\/types\/page"}],"author":[{"embeddable":true,"href":"https:\/\/retalhos.net\/dice\/wp-json\/wp\/v2\/users\/1"}],"replies":[{"embeddable":true,"href":"https:\/\/retalhos.net\/dice\/wp-json\/wp\/v2\/comments?post=5734"}],"version-history":[{"count":6,"href":"https:\/\/retalhos.net\/dice\/wp-json\/wp\/v2\/pages\/5734\/revisions"}],"predecessor-version":[{"id":5754,"href":"https:\/\/retalhos.net\/dice\/wp-json\/wp\/v2\/pages\/5734\/revisions\/5754"}],"wp:attachment":[{"href":"https:\/\/retalhos.net\/dice\/wp-json\/wp\/v2\/media?parent=5734"}],"wp:term":[{"taxonomy":"category","embeddable":true,"href":"https:\/\/retalhos.net\/dice\/wp-json\/wp\/v2\/categories?post=5734"},{"taxonomy":"post_tag","embeddable":true,"href":"https:\/\/retalhos.net\/dice\/wp-json\/wp\/v2\/tags?post=5734"}],"curies":[{"name":"wp","href":"https:\/\/api.w.org\/{rel}","templated":true}]}}